ose 0 = -5*b - 4 - 6. Let z(r) = 13*r**2 + 2*r. What are the prime factors of z(b)?
2, 3
Let t(u) = u**2 + u + 1. Let n(c) = 3*c - 5*c**3 + 12*c**2 + 5 + 4*c**3 + 0*c**3. Let p(m) = n(m) - 6*t(m). List the prime factors of p(5).
3
Let d(s) = -2*s**2 + s + 4*s**2 + 2*s - 4*s. Let y be (-2 + -10)/3 + 2. List the prime factors of d(y).
2, 5
Let l be (6/4)/((-6)/8). Let j be ((-15)/12)/(l/8). Suppose -m - 2*m = j*a - 45, m - 1 = 3*a. What are the prime factors of m?
2, 5
Suppose 0 = -5*p + 617 - 37. What are the prime factors of ((-1)/2)/((-2)/p)?
29
Let j be (-3*(2 - 1))/(-1). Let a be -31 + j/((-3)/(-2)). Let i = a + 40. What are the prime factors of i?
11
Suppose -y = -2*g - 2*y + 152, -g - 5*y = -76. What are the prime factors of g?
2, 19
Let w be 1/(-3) - (-10)/(-15). Suppose 11 = 4*h + o, 0 = h + h + 5*o - 19. What are the prime factors of w/(h + (-105)/51)?
17
Suppose 0 = -q + 2*q - 5. Suppose q*n - 27 = -2. Suppose n*x - 50 = -5*z, z - 5*z + 35 = -x. What are the prime factors of z?
3
Let b = -10 - -16. Suppose g + b = 2*s - 0, 3*s = -2*g + 9. Suppose -s = h - 2*h. What are the prime factors of h?
3
Suppose 5*d - 2*a = 3*a + 70, -d + 2*a + 12 = 0. Let h = d + -3. List the prime factors of h.
13
Let a(i) = -3*i**2 + 3*i**3 - 2 - 2*i**3 + 6. Let j be a(3). Suppose -r - 12 = -j*r. List the prime factors of r.
2
Let j(o) = 5 - 2*o + 0 + o. Let r be j(5). Suppose 4*n - 5*v - 28 = r, 5*n - 2*v - 18 - 17 = 0. List the prime factors of n.
7
Let n(u) = -5 + 3*u - 2*u + 0 + 1. Let g be n(0). List the prime factors of g/(12/(-9))*1.
3
Let a = -3 - -8. Let h = a - 3. What are the prime factors of h?
2
Let i(w) = -w + 6. Suppose 0*p + 15 = 5*p. Suppose h = 0, 3*h - 16 + 7 = -p*c. What are the prime factors of i(c)?
3
Suppose 5*p = g - 3, -2*p = -4*p - 2. Let u be 1*3*g/(-3). Suppose -2*b = -b, 3*a + u*b = 33. List the prime factors of a.
11
List the prime factors of (-2)/(-8)*4 + 30.
31
Let c(j) = j**2 - 12*j - 18. What are the prime factors of c(14)?
2, 5
Let q(t) = -4*t + 3. Let g be q(5). Let u = 6 + g. Let j = u - -16. List the prime factors of j.
5
Suppose 5*v = 5 + 5. Suppose -3*g = -7*k + 2*k + 30, -30 = -5*k + v*g. List the prime factors of k.
2, 3
Suppose b - 1 = 1. Suppose -4*r = -2*a - 50, a - 40 - 13 = -4*r. Suppose 0 = -s + b*f + r, -s + 0*f + 1 = f. List the prime factors of s.
5
Let h(s) = 9*s + 25. List the prime factors of h(7).
2, 11
Suppose -2*w - 16 = m, 5*m = -0*m + 4*w - 52. Suppose 4*c - 2*v + 22 = 0, -2*c - 4*v - 4 - 2 = 0. Let p = c - m. List the prime factors of p.
7
Let b = -3 + 6. Let u = b - 1. What are the prime factors of u?
2
What are the prime factors of ((-9)/(-9))/((-2)/(-64))?
2
List the prime factors of 1408/6 - (-4)/60*-10.
2, 3, 13
Let m(d) be the first derivative of d**3/3 + d**2/2 - 6*d - 1. What are the prime factors of m(5)?
2, 3
Let o be 890/12 - (-5)/(-30). Let k = -51 + o. Let u = k + -2. What are the prime factors of u?
3, 7
Suppose -9 = 3*w - 9*s + 4*s, 0 = -3*w + 2*s - 9. Let o = -18 + 10. Let k = w - o. What are the prime factors of k?
5
Let y(f) = f**2 + 5*f + 6. Let b be y(-5). Suppose -2*h + 6 = 0, -h + b*h - 11 = z. List the prime factors of z.
2
Let z(j) = 22*j + 1. Let w be z(7). Suppose 0 = -5*v - 3*k - 0*k + 160, -4*k = 5*v - w. List the prime factors of v.
5, 7
Suppose 0 = -5*b + 3*c + 103, 56 = 3*b - 2*c + 6*c. Let d = 33 - b. List the prime factors of d.
13
Let b = 6 + -3. Suppose -b*d = z + 37, -d - z = d + 26. Let a(l) = -l**2 - 13*l - 3. List the prime factors of a(d).
19
What are the prime factors of 4/(-6)*9*-5?
2, 3, 5
Suppose 0 = 5*l - 20. Suppose h = l*h - 81. List the prime factors of h.
3
Let r(g) = 11*g + 7. Let f be r(5). Suppose 3*w + z - 44 = 3, 3*w = -4*z + f. List the prime factors of w.
2, 7
Suppose -3*o + 92 = -58. Suppose -4*z + 22 + o = 0. List the prime factors of z.
2, 3
Let s = 570 - 260. List the prime factors of s.
2, 5, 31
Let h(a) = -a**2 + 7*a. Let s be h(7). Suppose s = -2*n - 1 + 9. Suppose -5*o + 63 = -4*f, -n*f = 2*o - 0*f - 14. What are the prime factors of o?
11
Let c(s) = 4*s + 5. Let m = -7 + 3. Let j be c(m). What are the prime factors of (-6)/(4/2) - j?
2
Let p(s) = 14*s - 22. What are the prime factors of p(6)?
2, 31
Let m(i) = -3*i - 9. What are the prime factors of m(-5)?
2, 3
Let z(y) = 2*y + 6. Let i be z(4). Let r = i + 15. List the prime factors of r.
29
Let x(b) = 3*b - 9. Suppose -5 - 28 = -4*o - 5*s, -s - 27 = -4*o. List the prime factors of x(o).
2, 3
Let u(j) = 38*j - 12. List the prime factors of u(4).
2, 5, 7
Suppose 4*z = m + 15, 0*z - 2*z = 2*m - 10. Suppose z*c - 2*h - h - 1 = 0, -2*c + 5*h - 17 = 0. Suppose -c*l - 18 = -78. List the prime factors of l.
3, 5
Let u be 0 + -1 - (1 + -30). Suppose 4*k = 6*k - u. List the prime factors of k.
2, 7
Let o be (-9)/(-3)*1 + -6. Let u(p) = -p**3 + 2*p - 1. What are the prime factors of u(o)?
2, 5
Suppose 70 = 5*t - 3*o, -2*t + 5*o = -0*o - 47. Let b = t + -7. Suppose b*z - 24 = -4. List the prime factors of z.
5
Suppose 0 = -4*g - 125 + 697. List the prime factors of g.
11, 13
Let j(o) = o + 5. Let q be j(-8). Let y(f) = 2*f**2 + 2*f - 4. What are the prime factors of y(q)?
2
Suppose 0*u - 1 = -4*a - u, 4 = a + 4*u. Let c be (a - -1)/((-9)/(-36)). Suppose -v - c = -17. List the prime factors of v.
13
Let r(z) = -z + 4. Let x = -2 - -7. Suppose x*m + 32 - 2 = 0. List the prime factors of r(m).
2, 5
Let j be -2 - -8 - (-4)/(-4). Suppose s + j = 14. What are the prime factors of s?
3
Suppose -2*v - 2*r = -6*r + 4, v = 3*r - 2. Let z(y) = 6*y**2 + 3*y + 1. List the prime factors of z(v).
19
Suppose 3*s - 30 = 4*j, 5 + 5 = 5*s. Let f = j + 13. What are the prime factors of f*((-4)/(-2) - 0)?
2, 7
What are the prime factors of ((-558)/12)/(3/(-8))?
2, 31
Let m = -17 + 27. List the prime factors of m.
2, 5
Suppose -5*a + 68 = 5*k + 8, -2*a = -k - 3. Let z = 6 + k. List the prime factors of z.
13
Let c = -40 + 66. List the prime factors of c.
2, 13
Let d = 15 - 7. Let l = d + 19. Suppose -x + l = 2*x. List the prime factors of x.
3
Let k = 24 - 21. List the prime factors of k.
3
Let r(d) = -d - 1. Let n be r(1). Let v = n + 20. What are the prime factors of v?
2, 3
Let w(q) = 8*q**2 + 2*q + 1. Let t be 2*(-1)/(6/(-9)). Suppose x - 2*x - 4*d + 3 = 0, 5*d = t*x + 8. What are the prime factors of w(x)?
7
Let n(x) = -6*x + 4*x + 5*x**2 + 5 - 4*x**2. Let y be n(4). Let d = y - 7. List the prime factors of d.
2, 3
Suppose -m + 4*q = -0*q - 15, -m - 4*q = 25. List the prime factors of 20/m*2/(-4).
2
Let i = -81 - -139. Suppose i = 4*r - 46. List the prime factors of r.
2, 13
Suppose -m = -0*m - 2. What are the prime factors of m + (-1 - (1 - 2))?
2
Let n be (-374 - 1)*(-1 + 0). What are the prime factors of (-4)/(-3) + n/9?
43
Suppose -i - 1 - 10 = -4*u, 4*u = -2*i + 2. Let o = 13 + i. Suppose 0 = -c - o + 32. List the prime factors of c.
2, 11
Let f = -11 + 77. Let v = f - 41. Let b = v + -13. List the prime factors of b.
2, 3
Let g(w) = w**3 - 6*w**2 - 5*w - 2. Let b = -1 + 16. Suppose 3*p - 29 = -5*m, 4*p + 0 = m - b. List the prime factors of g(m).
2, 3
Suppose 0 = 6*t - 4*t, f + 3*t = 36. List the prime factors of f.
2, 3
Let d(u) be the first derivative of u**4/4 + 7*u**3/3 - 3*u**2/2 + 6*u + 4. What are the prime factors of d(-7)?
3
Let f(k) = -k**2 - 10*k + 12. What are the prime factors of f(-7)?
3, 11
Suppose 3*n = 3*y + 153, 4*y - 228 = -4*n - 0*y. What are the prime factors of n?
2, 3
Suppose 273 = 3*k + 4*k. List the prime factors of k.
3, 13
Suppose 4*z + 10 = -3*j, -2*j + 2 = -7*j - 3*z. Let q = j - 0. What are the prime factors of q?
2
Let k(w) be the third derivative of -w**5/30 - w**4/24 + w**3/6 + 2*w**2. Let x be k(1). Let r = x - -5. List the prime factors of r.
3
Let p be 0/((-1)/(1 + -2)). Let h be 8*(p - -2 - 3). Let u = h + 12. What are the prime factors of u?
2
Let r = 55 + 26. List the prime factors of r.
3
Suppose 4*n - a = 18, -2*n + 12 = -2*a - 0. Suppose n*l = -l + 230. List the prime factors of l.
2, 23
Let r(h) = -h + 11. Let z be r(9). Suppose z*n - 45 = -3. List the prime factors of n.
3, 7
Suppose 17 = -3*z - 1. Let p = 28 + z. What are the prime factors of p?
2, 11
Suppose 4*d - 11 = 9. Let v be 8/(0 + (-4)/(-6)). Let k = v - d. List the prime factors of k.
7
Suppose 3*c 